f be q(11). Let o = j - f. What is the units digit of o?
3
Suppose 2*d + 6080 = 7*d. Suppose u = -7*u + d. What is the units digit of u?
2
Let v = -1 - 11. Let w = v + 13. What is the tens digit of -34*1/(-1)*w?
3
Let b(k) = 118*k + 11. What is the hundreds digit of b(5)?
6
Let d be (-2)/(-5) + 18/(-45). Suppose 4*j - 4*w - 48 = d, -4*w - 4 = -3*j - 9*w. Let r = j + 13. What is the units digit of r?
1
What is the tens digit of ((-8355)/(-6))/(133/14 + -9)?
8
Let s(x) = 23*x**2 + 6*x + 22. What is the hundreds digit of s(-3)?
2
Let n be ((-6)/(-4))/(10/20). Suppose -n*m + 8 = -25. Suppose -2*v + 3*w + m = 0, w + 2*w = -v - 8. What is the units digit of v?
1
Let p be 6/4*12/9. Let g(d) = 6*d + 1. Let a be g(p). Let l(t) = t**3 - 13*t**2 + 1. What is the units digit of l(a)?
1
What is the tens digit of -11*1/(-44) - 5254/(-8)?
5
Let o(c) = c**3 - 13*c**2 + 4*c + 23. What is the tens digit of o(14)?
7
Suppose 2*x - 4*i + 37 = 3*x, 4*i - 12 = 0. Suppose 0 = 9*c - 259 + x. What is the tens digit of c?
2
Let s(i) = -8 + 11 - 3*i**3 - 20*i**3 - i**2 + i. What is the tens digit of s(-2)?
8
Suppose -12*u + 26*u + 3612 = 0. What is the tens digit of ((-2)/4)/(1/u)?
2
Let h(s) = s**3 + 17*s**2 + 15*s - 13. Let q be h(-16). Suppose 0 = -4*i - 3*v + 34, -3*i + 11 = 3*v - 16. Suppose i = -q*f + 73. What is the units digit of f?
2
Suppose -8*k + 2122 = -6366. What is the units digit of k?
1
Let v(s) = -7*s + 2*s - 2*s + 12 + 6*s**2 - 10. What is the tens digit of v(-6)?
6
Suppose -8 + 36 = 4*p. Let q(k) = 8 - 12*k + k + p*k. What is the tens digit of q(-9)?
4
Let c = 51 - 46. Suppose 4*h - 5*i + 0*i - 405 = 0, -3*i - 516 = -c*h. What is the units digit of h?
5
Suppose 856 = 4*s - 2*p, -2*s + 109 = p - 319. What is the units digit of s?
4
Suppose -v - k = -7, -3*v + 0*k = -k - 17. Let i be v/(-4)*(-40)/(-6). Let n = i + 19. What is the units digit of n?
9
Suppose 10*n - 7*n - 135 = 0. Let x = 29 + n. What is the tens digit of x?
7
Let j(p) = 23*p**2. Let m(r) = 2*r - 4. Let c be m(3). Suppose -d + c*o = -2*o + 7, -2*o = -4. What is the tens digit of j(d)?
2
Suppose -2 + 6 = h. Suppose y = -h*y + 295. What is the tens digit of y?
5
Let q(a) = -a + 14. Let j be q(0). Let m = 6 - j. What is the tens digit of 11/((-34)/m - 4)?
4
What is the tens digit of -3*(-5 - 1558/3)?
7
Suppose -2*o - z = -3311, o + 7*z = 3*z + 1666. What is the tens digit of o?
5
Let a(c) = 49 + 35 - c**2 - 5 - c. What is the units digit of a(0)?
9
Let z = 75 + 125. What is the units digit of z?
0
Let p be 27/4 + 18/(-24). Let t = 478 + -273. Suppose f - p*f = -t. What is the tens digit of f?
4
Let s(q) be the first derivative of q**5/60 + q**4/4 + q**3/3 + 4*q**2 - 4. Let b(d) be the second derivative of s(d). What is the units digit of b(-9)?
9
Let p = 1612 + -343. What is the units digit of p?
9
Suppose 2875 = 5*c - 2*w, -5*c = 15*w - 11*w - 2845. What is the hundreds digit of c?
5
Let t = 28 + -19. What is the units digit of 27/((-3)/(t/(-3)))?
7
Suppose 6 + 0 = 2*j. What is the units digit of (320/(-30))/((-1)/j)?
2
Let z be ((-18)/7)/(12/(-84)). Suppose -z = -0*w + w. Let q = w - -46. What is the tens digit of q?
2
Let a(p) = 6*p**2 - 9 + 2*p - 6 - 3 - 4*p**2. What is the tens digit of a(-10)?
6
Suppose 1861 = s - c + 3*c, 2*c - 3714 = -2*s. What is the tens digit of s?
5
Let k(f) = f**2 + 1. Let i(c) = 3*c**2 + 6*c + 5. Let p(y) = -i(y) + 2*k(y). Let d be p(-6). Let s(t) = -t**3 + 8*t + 4. What is the units digit of s(d)?
7
Let i be 1820/9 - (-40)/(-180). Let x = i + -105. What is the units digit of x?
7
Let i = -15 - -21. Let b(g) = 2*g**2 - 7*g - 5. What is the tens digit of b(i)?
2
Let g(u) = -11 - 13 - 23*u + 34*u. What is the tens digit of g(7)?
5
Let f be (-21 + 3)*3/(-6). Suppose 10*o + 3 = f*o. What is the units digit of (o - 0)*(-385)/21?
5
Let p(h) = -h**3 + 7*h**2 - h + 8. Let m be p(7). Let u(z) be the third derivative of z**5/20 - 12*z**2. What is the units digit of u(m)?
3
Let o(f) = 6*f + 15. Let t(s) = -6*s - 15. Let x(l) = -3*o(l) - 4*t(l). What is the tens digit of x(8)?
6
Suppose -14*q + 645 = -9*q. What is the units digit of q?
9
Let t be 62/6 - (-2)/(-6). Let j = t + -7. Suppose -j*i = -3*u - 55 - 35, -4*u - 145 = -5*i. What is the units digit of i?
5
Let h(y) be the first derivative of -y**4/4 + y**2/2 + 105*y - 3. What is the units digit of h(0)?
5
Let c be 10/(-14) - 12/42. What is the units digit of (-81 + 1)/(0 + c)?
0
Suppose -3*q - 3*q = 0. Suppose 0*y + 5*y + 2*s - 926 = 0, 2*s - 6 = q. Suppose 0*m - m + 76 = 2*l, 5*l + m = y. What is the tens digit of l?
3
Let p = -9443 + 13335. What is the thousands digit of p?
3
Let a be (112/(-3))/(3/(-9)). Suppose -a = -6*o + 248. What is the units digit of o?
0
Let y = 830 + -482. Suppose 70*d = 68*d + y. What is the units digit of d?
4
Suppose -n + 0*n + 5*m = -110, 4*n - 5*m = 515. What is the units digit of n?
5
Let k = 403 - 190. What is the hundreds digit of k?
2
Let b = 23 + -18. Suppose 3*f = -2*d - 0*f + 110, b*d + 3*f = 284. What is the units digit of d?
8
Let k(v) = -v**3 + 9*v**2 - 7*v - 10. Let f be k(8). Let m(o) = -1 - 8*o**3 - 4*o**2 - 3*o + 12*o**3 - 6*o**3. What is the units digit of m(f)?
5
Suppose -582 = -4*m - 4*i + 198, -3*i = -3*m + 573. Suppose 1 = -q, -d - 66 + m = -3*q. What is the hundreds digit of d?
1
Let u(q) = q**3 - 23*q**2 - 32*q + 8. What is the tens digit of u(26)?
0
Let l(r) = -2*r**2 + 22*r + 10. Let d be l(10). Suppose -d = -w + 3. What is the tens digit of w?
3
Let v be (-6)/24 + 802/8. What is the units digit of (96/10)/(20/v)?
8
Let u(k) = k - 1. Let v = -12 - -17. Let a be u(v). Suppose a*p - 15 = 33. What is the tens digit of p?
1
Let z = -336 + 721. What is the tens digit of z?
8
Let h = 936 - 698. What is the hundreds digit of h?
2
Suppose -5*u - w + 455 = 4*w, -u = -4*w - 81. Let x = u - 57. Suppose 8*h - x = 6*h. What is the tens digit of h?
1
Suppose 50*z + 2709 = 53*z. What is the tens digit of z?
0
Suppose -5*b + 1463 = -d, -5*b + 6*b - 2*d - 289 = 0. What is the hundreds digit of b?
2
Let n = -26 - -56. Suppose -3*d + n - 9 = 0. Suppose x - d = 16. What is the tens digit of x?
2
Let y be 1 + 1 + (7 - 5). Let g be -1*y/10*-15. What is the units digit of g - (-2 - -4) - -44?
8
Suppose 5*t = 8*t + 816. Let l = t + 514. What is the units digit of l?
2
Suppose -2*m + 536 = -0*m. Suppose 0 = -5*k - c + m, k - 5*c - 64 = -0*k. What is the tens digit of k?
5
Let r(q) = q**2 - 3*q - 16. Let k be r(6). Suppose 113 = k*v - 307. What is the hundreds digit of v?
2
Suppose 3*a = 2*a + 5. Suppose 0 = n + a*y - 23, 0 = -5*n - 4*y - y + 175. What is the tens digit of n?
3
What is the hundreds digit of 7708/9 - (-56)/(-126)?
8
Let b be 13494/18 - 2/(-6). Suppose 12*p = 2*p + b. What is the units digit of p?
5
Let v = 11959 + -5726. What is the units digit of v?
3
What is the thousands digit of (0/(-7) + -2)/(2/(-1906))?
1
Suppose -m = -5*k + 47, -4*k + 31 = -2*m - 39. What is the units digit of ((-4512)/m)/4 - 2/(-9)?
2
Let w be (-2)/(-9) + (-474)/(-54). Let j = w + -14. Let l = 2 - j. What is the units digit of l?
7
Suppose -2*d = 11 - 21. Suppose 8*k = d*k + 6. Suppose -2*g = -5*x - 28, -3*x + 28 = k*g - 5*x. What is the tens digit of g?
1
Let o be 6 + (-4 - -2) - 2. Suppose -u = -3*a - 2*u + 232, 0 = 5*a + o*u - 385. What is the units digit of a?
9
Suppose -2 = w - 17. Let k be (-2)/(-10) - 93/w. Let h = 13 + k. What is the units digit of h?
7
Let q(k) = k + 2. Let s be q(0). Let t be (-1)/(2/(-16)*s). Suppose 0 = -5*r + 20, 3*r - t = 3*u - r. What is the units digit of u?
4
Suppose v + 1 = -2*r + 9, -3*v - 5*r + 21 = 0. Suppose 240 = -v*b + 4*b - 5*w, -4*b = 4*w - 480. What is the tens digit of b?
2
Let m = 5250 - 3729. What is the units digit of m?
1
Suppose 3*c - 31 = -19. Suppose v = 5*x + 3*v - 154, 0 = -c*v - 12. What is the tens digit of x?
3
Let a(b) = -5*b**2 - 9. Let i be a(5). Let u = i + 242. Suppose -3*r - h = -u, -r + 2 = -h - 30. What is the tens digit of r?
3
Let j be -3 + (-16)/(-4) - -3. Let l be 10/(-2)*(-2)/(-5). What is the tens digit of (29/(-2))/(l/j)?
2
Suppose -6*g - 2 = -8*g. Suppose -2*t + g = -25. What is the units digit of t?
3
Let k = 25 - -950. What is the units digit of k?
5
Suppose -4*d + 2*x + 718 = 0, 2*x - 4*x = -3*d + 536. Suppose -3*f + d = 